 10. What is x(10)?
10
Let a(x) = 39*x - 14. Give a(1).
25
Let f(s) = -s**2 + 20*s + 41. Calculate f(22).
-3
Let x(t) = -4*t**2 + 38*t + 13. Determine x(10).
-7
Let u(g) = -g**3 + 8*g**2 - 7*g. Give u(7).
0
Let j(h) = 2*h + 21. Give j(-14).
-7
Let m(w) = 20*w + 244. What is m(-12)?
4
Let l(w) = -w + 3. What is l(-2)?
5
Let k(q) = -2*q**2 - 35*q + 24. What is k(-18)?
6
Let m(i) = 11*i**3 - 2*i**2 + 1. What is m(1)?
10
Let a(g) = -g**2 - 2*g - 3. Give a(-3).
-6
Let s(y) = 186*y**2 - 2*y - 4. What is s(-1)?
184
Let g(b) = b**2 + 10*b + 31. Determine g(-5).
6
Let h(o) = -o**3 - o**2 - 2. What is h(-2)?
2
Let b(a) = -a**2 + 7*a - 3. What is b(6)?
3
Let v(o) = -67*o + 139. What is v(2)?
5
Let u(l) = l**2 + 12*l - 16. Calculate u(-11).
-27
Let s(i) = i**3 - 28*i**2 - 16*i - 408. Give s(29).
-31
Let w(z) = 30*z. What is w(2)?
60
Let k(b) = 5*b - 18. Determine k(-9).
-63
Let x(z) = -z**2 - 14*z - 17. Determine x(-8).
31
Let h(n) = 4*n + 4. Determine h(16).
68
Let o(l) = l**3 + 10*l**2 + 24*l + 9. Calculate o(-6).
9
Let s(n) = -4*n**2 + 2*n + 2. Give s(-1).
-4
Let z(g) = 14*g + 178. Give z(-13).
-4
Let f(c) = 4*c + 25. Calculate f(-4).
9
Let t(w) = -w**3 + 7*w**2 - 9*w - 11. Calculate t(4).
1
Let m(i) = i**2 - 244*i + 1657. Give m(7).
-2
Let v(m) = 4*m**2 - 7*m - 8. Give v(2).
-6
Let c(h) = -4*h**2 - 51*h + 68. Determine c(-14).
-2
Let q(a) = -a**2 - 9*a - 8. Calculate q(-10).
-18
Let s(k) = -k**3 + 17*k**2 + 13*k + 3. What is s(18)?
-87
Let a(t) = t - 10. Give a(8).
-2
Let x(j) = -2*j**2 - 16*j + 3. Give x(-8).
3
Let j(w) = -w**2 - 8*w. Determine j(-6).
12
Let c(u) = -2*u**2 - 72*u + 84. Calculate c(-37).
10
Let s(k) = -4*k - 15. Give s(-6).
9
Let c(w) = -2*w**3 - 6*w**2 + 4*w + 8. Calculate c(-5).
88
Let l(f) = f**2 + 17*f - 8. Give l(-11).
-74
Let b(i) = 2*i**2 + 8*i + 27. What is b(-6)?
51
Let y(n) = -3*n**2 - 13*n - 2. Determine y(-4).
2
Let a(f) = -5*f + 46. What is a(8)?
6
Let o(k) = -4*k**2 + 83*k + 13. Calculate o(21).
-8
Let w(u) = u**2 - 6*u - 36. What is w(11)?
19
Let h(r) = r**3 + 17*r**2 + 18*r - 35. Give h(-15).
145
Let t(b) = -8*b + 2. Determine t(-1).
10
Let k(g) = 2*g**3 - 42*g**2 + 37*g + 67. Calculate k(20).
7
Let d(y) = -6*y - 19. Calculate d(-3).
-1
Let v(d) = 25*d**2 + 4*d + 3. Determine v(-2).
95
Let f(t) = t**2 - 65*t + 83. Calculate f(64).
19
Let w(n) = n**3 - 19*n**2 + 52*n - 46. Determine w(16).
18
Let d(f) = f**2 - 15*f + 40. What is d(12)?
4
Let i(q) = 5*q - 11. Calculate i(5).
14
Let n(l) = -l + 8. What is n(-7)?
15
Let h(u) = -u**2 + 7*u + 5. Give h(7).
5
Let q(f) = f**3 + 15*f**2 - 15*f + 11. Calculate q(-16).
-5
Let o(c) = c**2 - 13*c + 51. Determine o(7).
9
Let c(v) = -v**2 - 11*v - 29. Give c(-5).
1
Let z(h) = -h + 34. Determine z(15).
19
Let t(w) = 2*w**2 + 9*w + 3. What is t(-5)?
8
Let h(k) = -k**3 + 8*k**2 - 7*k + 8. Calculate h(7).
8
Let z(j) = j**3 + j + 6. Calculate z(4).
74
Let k(n) = n - 2. Calculate k(16).
14
Let u(l) = -l**2 - 7*l - 1. What is u(-7)?
-1
Let q(g) = -g**2 - 7*g - 9. Determine q(-10).
-39
Let p(o) = 11*o + 254. What is p(-24)?
-10
Let z(u) = 10*u + 93. Calculate z(-15).
-57
Let b(p) = -4*p**3 + p**2 + p - 1. Give b(1).
-3
Let x(r) = -r**2 + 16*r + 15. What is x(17)?
-2
Let m(r) = -3*r - 67. Determine m(-23).
2
Let s(o) = -o**2 + 14*o + 3. Give s(14).
3
Let i(g) = 3*g - 125. What is i(37)?
-14
Let f(k) = 76*k**3 - 2*k + 2. Determine f(1).
76
Let u(p) = 2*p**2 - 11*p - 6. What is u(8)?
34
Let l(d) = d**3 - 9*d**2 - 9*d + 18. Give l(9).
-63
Let s(b) = 2*b**3 - 5*b**2 - 4*b + 10. Give s(4).
42
Let z(x) = -x - 2. Give z(9).
-11
Let p(f) = -f**3 - 5*f**2 - 3*f - 4. Determine p(-4).
-8
Let u(n) = -13*n**2 + 5*n - 5. What is u(2)?
-47
Let l(h) = 7*h - 38. What is l(5)?
-3
Let s(o) = -19*o + 9. Calculate s(2).
-29
Let j(y) = 13*y - 162. Give j(13).
7
Let x(w) = -3*w + 19. Determine x(0).
19
Let v(i) = i**2 - 10*i - 17. Give v(9).
-26
Let q(x) = -x**2 + 5*x + 3. Give q(-4).
-33
Let s(h) = -5*h + 18. Give s(-5).
43
Let f(u) = u**2 + 86*u + 1494. Give f(-62).
6
Let n(g) = g**3 + 17*g**2 - 40*g - 34. Calculate n(-19).
4
Let r(k) = -k**2 + 37*k - 258. Calculate r(28).
-6
Let q(r) = r**2 - 2*r - 68. Determine q(11).
31
Let h(g) = -g + 16. Determine h(9).
7
Let p(g) = -g**2 - 54*g - 145. What is p(-3)?
8
Let p(c) = -c**2 - 22*c - 40. Determine p(-16).
56
Let x(a) = -3*a**2 + 7. Give x(-5).
-68
Let o(w) = 3*w**2 + 2*w + 7. Give o(-2).
15
Let i(x) = -5*x - 4. Calculate i(1).
-9
Let x(u) = u**2 - 6*u - 6. Give x(8).
10
Let u(s) = -s**2 + 34*s - 62. Calculate u(29).
83
Let r(n) = 96*n**3 + 2*n + 1. Calculate r(-1).
-97
Let d(z) = -6*z + 18. Determine d(6).
-18
Let b(j) = 14*j**2 - j + 2. Calculate b(1).
15
Let d(m) = 2*m - 15. Determine d(13).
11
Let m(k) = -k**3 - k**2 - 2*k - 116. Calculate m(0).
-116
Let h(l) = -4*l + 22. Calculate h(6).
-2
Let m(z) = -z**3 - 13*z**2 - 3*z - 21. Determine m(-13).
18
Let q(l) = -l**2 - 11*l + 36. What is q(-15)?
-24
Let k(i) = -i**2 + 19*i - 121. Determine k(7).
-37
Let i(a) = -a**3 + 11*a**2 - 22*a - 25. Give i(8).
-9
Let r(l) = 18*l**3 - l**2 + 1. Calculate r(1).
18
Let u(p) = -p**3 - 3*p**2 - 5*p - 2. Calculate u(-4).
34
Let t(v) = v**3 - 3*v**2 - 23*v + 13. What is t(6)?
-17
Let o(d) = 2*d**2 - 3*d - 12. Calculate o(5).
23
Let p(a) = a**2 + 7*a. Calculate p(-3).
-12
Let n(q) = -q**3 + 7*q**2 + 2*q - 4. Calculate n(3).
38
Let i(a) = a**3 - 10*a**2 + 7*a + 27. Calculate i(9).
9
Let z(h) = -h**3 + 14*h**2 - 15*h + 28. Determine z(13).
2
Let y(z) = -6*z + 137. Give y(23).
-1
Let w(a) = 46*a - 3. What is w(-3)?
-141
Let c(p) = -p**2 - 15*p - 66. What is c(-8)?
-10
Let y(n) = 15*n + 358. Calculate y(-23).
13
Let g(x) = -11*x**2 - 68*x - 13. Determine g(-7).
-76
Let n(m) = m**2 - 5*m + 3. Determine n(6).
9
Let l(i) = -9*i + 3. Calculate l(5).
-42
Let s(x) = x**3 - 4*x**2 - 6*x + 3. What is s(5)?
-2
Let v(q) = -q**2 - 14*q - 44. Give v(-8).
4
Let i(a) = -a**3 + 10*a**2 + 24*a - 13. What is i(12)?
-13
Let i(z) = z**3 + 13*z**2 + 18*z + 24. What is i(-11)?
68
Let n(y) = y**3 - 11*y - 5. What is n(6)?
145
Let t(c) = -2*c**2 + 3*c + 3. Give t(3).
-6
Let x(v) = 2*v**2 - 53*v + 39. What is x(27)?
66
Let i(q) = q**2 - 2*q - 23. Calculate i(6).
1
Let h(l) = 3*l**3 + 2*l**2 + 1. Determine h(-2).
-15
Let u(t) = -t**3 - 7*t**2 - 11*t + 2. What is u(-3)?
-1
Let z(m) = 3*m + 159. Give z(0).
159
Let i(r) = 2*r**2 - 3*r. What is i(4)?
20
Let j(x) = 12*x**3 - 2*x**2 - 3*x - 2. Calculate j(-1).
-13
Let p(j) = 10*j - 22. Calculate p(2).
-2
Let x(l) = -18*l + 2. Give x(3).
-52
Let g(d) = -d**2 - 22*d - 17. Give g(-25).
-92
Let o(y) = y**3 + 7*y**2 + y - 16. What is o(-6)?
14
Let y(z) = -5*z + 21. What is y(12)?
-39
Let w(h) = h**2 - 5*h - 3. Determine w(-3).
21
Let o(j) = -7*j - 86. Give o(-12).
-2
Let m(q) = q**3 + 11*q**2 + 10*q + 7. What is m(-10)?
7
Let d(v) = 2*v**2 - 11*v - 16. What is d(7)?
5
Let h(w) = 8*w - 3. Calculate h(1).
5
Let n(g) = 2*g**3 + 19*g**2 - 6*g + 40. Determine n(-10).
0
Let p(t) = 4*t**2 - 11*t + 11. Determine p(1).
4
Let l(r) = r**3 - 20*r**2 - 21*r - 33. Calculate l(21).
-33
Let l(j) = -j**3 + 6*j**2 + j - 11. What is l(5)?
19
Let f(l) = -l**2 - 17*l - 30. Give f(-14).
12
Let x(u) = u**3 - 2*u**2 - 7*u - 8. Calculate x(4).
-4
Let w(v) = v**3 + 10*v**2 - 12*v - 7. What is w(-11)?
4
Let w(u) = -u**2 + 12*u + 72. Give w(16).
8
Let b(v) = 2*v**2 - 30*v. Determine b(13).
-52
Let f(x) = 11*x - 46. Determine f(8).
42
Let y(v) = -6*v - 172. Calculate y(-29).
2
Let r(f) = f**3 + 11*f**2 - 12*f + 14. Calculate r(-12).
14
Let w(f) = f**3 + f**2 - 39*f + 6. Give w(-6).
60
Let w(v) = -v**2 - 2*v + 3. Give w(-4).
-5
Let r(a) = a**2 - 19*a - 65. What is r(21)?
-23
Let v(g) = g**2 + 13*g - 18. Determine v(-14).
-4
Let v(u) = -u**2 + 2*u + 4. Give v(3).
1
Let n(o) = -o + 8. Give n(5).
3
Let k(b) = -b**2 - 27*b + 28. Determine k(1).
0
Let p(w) = -w**3 - 11*w**2 - 23*w + 17. Determine p(-8).
9
Let b(s) = s**2 + 15*s - 1. What is b(-16)?
15
Let x(n) = -2*n**3 + 4*n**2 - n + 6. Determine x(3).
-15
Let n(f) = f**2 - 14*f - 34. Determine n(16).
-2
Let o(u) = 2*u - 18. What is o(10)?
2
Let s(q) = 8*q - 29. Give s(9).
43
Let v(l) = l**3 - 6*l**2 + 4*l - 6. Determine v(6).
18
Let m(g) = -g**3 - 4*g**2 + 5*g + 26. Calculate m(-3).
2
Let q(x) = -2*x**2 + 11*x - 9. Calculate q(5).
-4
Let l(h) = h*